)). Suppose 6*v - 39 = -3*p + v, h*v = -5*p + 65. Calculate the remainder when p is divided by 7/(-2)*2/(-1).
6
Calculate the remainder when 43 is divided by (8/(-6))/(17/(-153)).
7
Let x(f) = -f**3 + f**2 - f + 20. Suppose 170 + 25 = 5*r. What is the remainder when r is divided by x(0)?
19
Let g = -13 + 39. Calculate the remainder when g is divided by 10.
6
What is the remainder when 83 is divided by 1 - (-1380)/33 - (-6)/33?
40
Suppose v - 2*v = 1. Let n = -1 + v. What is the remainder when 35 is divided by n/(0 - 1/6)?
11
What is the remainder when -1 + (54 - (1 + 2)) is divided by 13?
11
Suppose -3*t + 100 + 11 = 0. Let p = t - 25. Calculate the remainder when 34 is divided by p.
10
Suppose 3*c - 545 = -5*r + 5*c, 4*r = -c + 449. What is the remainder when r is divided by 29?
24
Let v = -36 + 81. What is the remainder when v is divided by 16?
13
What is the remainder when ((-4)/(-6))/(1/15) is divided by 6?
4
Let c = -6 - -9. Suppose 20 = -5*i, 28 = 5*u + c*i - 10. Calculate the remainder when 19 is divided by u.
9
Suppose -5*y + 25 = -20. Let x = 4 + 13. What is the remainder when x is divided by y?
8
Let o be 10*-9*2/(-15). Suppose z - 17 = 13. What is the remainder when z is divided by (11/(-4))/((-3)/o)?
8
Let r be 6/(-21) + 32/14. Suppose -r = g - 13. What is the remainder when 21 is divided by g?
10
Let x = -4 + 17. Let j = -10 - -15. Suppose 2*r - 33 = 3*t, -5*t = j*r - 42 - 103. Calculate the remainder when r is divided by x.
11
Suppose 0*c = c - 7. Let i(a) = -7*a - 1. What is the remainder when i(-2) is divided by c?
6
What is the remainder when 1/3 + 105/9 is divided by 2/7 + (-165)/(-35)?
2
Suppose 51*h - 46*h - 340 = 0. What is the remainder when h is divided by 36?
32
Let z(b) = -3*b + 17. Calculate the remainder when 60 is divided by z(0).
9
Let c = 13 - 1. Calculate the remainder when 23 is divided by c.
11
Calculate the remainder when 47 is divided by (-2)/((-17)/4 - -4).
7
Suppose 3*z - 59 = -u, 4 = -2*u - 4. Suppose s + 0*s = 61. Calculate the remainder when s is divided by z.
19
Let x(z) be the first derivative of z**3/3 - 5*z**2/2 + 3*z - 3. Suppose 4*l = -7 + 27. What is the remainder when x(6) is divided by l?
4
Let b(g) = g**3 + 5*g**2 - 15*g - 9. Let w be b(-7). Let l(h) = -h. Let s be l(1). Calculate the remainder when (w - -8)*s/(-3) is divided by 2.
0
Let d = -15 + -21. Let w = -26 - d. Calculate the remainder when w is divided by 6.
4
What is the remainder when (4 + 26/(-6))*-114 is divided by 8?
6
Let n(g) = 3*g**2 + 16*g + 2. Calculate the remainder when n(-11) is divided by 38.
37
Let s be 0 - 3*(1 + 22). Let b be s/(-6) + (-2)/(-4). Suppose 0 = -3*p + p + b. What is the remainder when p is divided by 4?
2
Suppose 2*l = -2*k + 6*k - 102, 0 = -2*k + 3*l + 45. What is the remainder when 80 is divided by k?
26
Let s(q) = -14*q + 1. Let g be s(-1). Suppose r + g = 4*r. What is the remainder when 7 is divided by r?
2
Let y(w) = -w**2 - 9*w - 5. Calculate the remainder when (57/(-4))/((-9)/24) is divided by y(-6).
12
Let r(g) = 2*g - 1 - g**2 - 3*g + 2*g**2 - g**3. Let a(l) = -5*l**3 + l**2 + 4*l + 2. Calculate the remainder when a(-1) is divided by r(-1).
0
Suppose 10*b = -3*z + 5*b + 23, -z + 3*b + 17 = 0. Calculate the remainder when z is divided by 7.
4
Let a = 30 - 18. Suppose -3*r + r = -a. Calculate the remainder when 15 is divided by r.
3
Let a(q) = 4*q - 1. Let d be a(3). Let f = -8 - -11. Let g = d + f. Calculate the remainder when g is divided by 5.
4
What is the remainder when 21 is divided by -2 + 18 + -3 + -1?
9
Let g = 8 - 18. Let s be (-2)/(-10) + (-648)/g. Suppose -3*v + 50 = 4*a, -4*v = -0*a + 5*a - s. What is the remainder when 29 is divided by v?
9
Suppose -4*f - 71 = -5*y, -4*y + 4 = -2*f - 54. Let m(g) = 5*g - 3. Calculate the remainder when m(12) is divided by y.
12
Suppose 5*w - 28 = -3*b, -3*w - 1 = -2*b - 14. Let o(t) = t. Let f(x) = -x + 5. Let d(m) = b*f(m) + 5*o(m). Calculate the remainder when d(5) is divided by 9.
7
Suppose 5*f - 45 = 45. Calculate the remainder when 84 is divided by f.
12
Calculate the remainder when ((-134)/4 + 0)/(4/(-8)) is divided by 14.
11
Let w(p) = -p**2 - 10*p - 9. Let l be w(-8). Let k = l - 0. Suppose 2 = m - 2. Calculate the remainder when k is divided by m.
3
Let i(n) = n**3 - 7*n**2 - n + 3. Let v be i(4). Let w = v + 91. What is the remainder when w is divided by 15?
12
Let a = 66 - 6. Calculate the remainder when a is divided by 21.
18
Suppose -d + 0*d + 5*h = -32, 3*d - 45 = -2*h. Calculate the remainder when 67 is divided by d.
16
What is the remainder when (-6)/(-4)*1300/39 is divided by 17?
16
Suppose 4*v + 2*t = 42, -3*v - t - 3*t + 24 = 0. What is the remainder when v is divided by 8?
4
Let z be (-34)/(-10) + (-10)/25. Suppose -k + 4*v = 2, z = k + 4*v + 5. What is the remainder when k/3*(-6)/4 is divided by 1?
0
Let q = 27 - -100. Calculate the remainder when q is divided by 16.
15
Let r = 7 + -3. Suppose r*d + 4 = 24. Let y(i) = 3*i - 4. Calculate the remainder when 20 is divided by y(d).
9
Calculate the remainder when (-25)/(-2*(-2)/(-4)) is divided by 7.
4
Let w(r) = 2*r. Let a be w(2). Suppose -4*v - 3*o = 7, 4*v + o + a = v. What is the remainder when 25 is divided by 6 - -1 - (v - 1)?
7
Suppose 2*w = -3*o - 7, -3*o = -4*o - 4*w + 1. What is the remainder when (-1704)/(-40) + o/5 is divided by 11?
9
Let f be 28/20 - 6/(-10). Suppose f*m - 8 = -5*n - 3, 3*n = -m. What is the remainder when 27 is divided by m?
12
Suppose -15*b + 88 = -4*b. What is the remainder when b is divided by 5?
3
Suppose 13 = -3*y + 4*y - f, 2*y - 26 = f. Let j = y - 8. Suppose d + p - 35 = -2*p, -j*p = d - 43. Calculate the remainder when d is divided by 12.
11
Let b(x) = x - 6. Let m be b(8). Suppose -j = -m*j. Calculate the remainder when (j + -3 - -14)*1 is divided by 4.
3
Let f(h) = 3*h + 2*h - 6*h - h**2 - 5*h. What is the remainder when 17 is divided by f(-3)?
8
Suppose 0 = 11*m - 14*m. Suppose 6*x - 30 = -m*x. Suppose q - 57 = -2*q. What is the remainder when q is divided by x?
4
Let a = 166 - 93. Calculate the remainder when a is divided by 11.
7
Let f = -58 - -88. Suppose v - f = -v. Calculate the remainder when 1/(-2) - 285/(-10) is divided by v.
13
Let s be 0 + -1 + 3 + 125. Suppose 5*d = -3*x + s, 4*x + d + d - 146 = 0. What is the remainder when x is divided by 12?
10
Let u(v) = -v**3 - 7*v**2 - 3*v - 13. What is the remainder when (-206)/(-14) - 2/(-7) is divided by u(-7)?
7
Suppose 4 = -4*d + 2*w - 4, 5*d = w - 7. What is the remainder when 5 + (2 - 1 - d) is divided by 3?
1
Let w = 420 - -86. Suppose -j = 5*h - w, -10 = 5*j + 10. What is the remainder when h is divided by 26?
24
What is the remainder when 26 is divided by (-1 - 0)/((-7)/49)?
5
Let l(h) = h**2 - 11*h + 1. Let q be l(10). Let n = -6 - q. Calculate the remainder when 32 is divided by n/((-36)/(-11) - 3).
10
Suppose 4*j = 8*j - 16. What is the remainder when j is divided by 4?
0
Let y = -3 - -18. What is the remainder when 1*2*172/8 is divided by y?
13
Suppose -5*c + 31 + 89 = 5*y, -4*y + 3*c = -75. What is the remainder when 35 is divided by y?
14
Let w(q) = 11*q**2 + q + 1. Calculate the remainder when w(-1) is divided by 6.
5
Let l = -33 + 59. What is the remainder when l is divided by 9?
8
Let w = -3 - -5. Suppose -r = 4*l - 3, 7*l + 10 = 2*l - 4*r. Calculate the remainder when w is divided by l.
0
Suppose 0 = -w - 2*c + 1 + 18, c = -3*w + 47. Calculate the remainder when (88/12)/((-2)/(-12)) is divided by w.
14
Suppose -1 = 2*r + 5. What is the remainder when 19 is divided by ((-10)/(-6))/(r/(-9))?
4
Let z = 19 + -45. Let x = z - -45. What is the remainder when 55 is divided by x?
17
Let o = 10 - 5. Suppose -2*l + 29 = o*v, -20 = 2*v - 4*v + 2*l. Suppose v*k - 2*k = 90. Calculate the remainder when 34 is divided by k.
16
Let o(k) = 5*k**2 + 2*k - 1. Suppose 16 = q + 3*q. Calculate the remainder when o(2) is divided by (-11 + 2)*q/(-3).
11
Suppose -4*u + 8*u - 101 = 5*l, 2*l + 52 = 2*u. What is the remainder when 113 is divided by u?
26
Suppose -5*b + 2*b = -4*l + 96, 0 = 4*b. Let v = -68 - -115. What is the remainder when v is divided by l?
23
Let v(c) = 3*c**3 - c + 1. Let w be v(1). Suppose -1 = 4*m + w. What is the remainder when 41/3 - m/3 is divided by 8?
6
Let p = 6 - -33.